{"id":99,"date":"2025-11-30T17:40:31","date_gmt":"2025-11-30T17:40:31","guid":{"rendered":"https:\/\/proelectrosonic.com\/?page_id=99"},"modified":"2025-12-01T20:10:37","modified_gmt":"2025-12-01T20:10:37","slug":"multipantallas-y-digital-signage","status":"publish","type":"page","link":"https:\/\/proelectrosonic.com\/index.php\/multipantallas-y-digital-signage\/","title":{"rendered":"Multipantallas\u00a0y Digital Signage"},"content":{"rendered":"\n<p class=\"has-black-color has-text-color has-link-color has-large-font-size wp-elements-119d07568099407e332a9b0af2bfe4ef\"><strong>Multipantallas\u00a0y Digital Signage<\/strong><\/p>\n\n\n\n<hr class=\"wp-block-separator has-text-color has-alpha-channel-opacity has-background is-style-default blue-separator\" style=\"background-color:#142655;color:#142655\"\/>\n\n\n\n<div class=\"wp-block-columns is-layout-flex wp-container-core-columns-is-layout-9d6595d7 wp-block-columns-is-layout-flex\">\n<div class=\"wp-block-column is-layout-flow wp-block-column-is-layout-flow\" style=\"flex-basis:66.66%\">\n<p class=\"has-text-color has-link-color has-medium-font-size wp-elements-0af3c08b7482788febdfa21dd6cbfaf3\" style=\"color:#303030\">Marketing Din\u00e1mico y Digital Signage son unas de las \u00e1reas en las que estamos invirtiendo m\u00e1s esfuerzo, Electrosonic cuenta con un parque importante de pantallas TFT profesionales de alto brillo que permite realizar diferentes formaciones seg\u00fan el proyecto creativo y de comunicaci\u00f3n.<\/p>\n<\/div>\n\n\n\n<div class=\"wp-block-column is-layout-flow wp-block-column-is-layout-flow\" style=\"flex-basis:33.33%\">\n<figure class=\"wp-block-image size-full\"><img fetchpriority=\"high\" decoding=\"async\" width=\"662\" height=\"440\" src=\"https:\/\/proelectrosonic.com\/wp-content\/uploads\/2025\/12\/multipantalla1.jpg\" alt=\"\" class=\"wp-image-390\" srcset=\"https:\/\/proelectrosonic.com\/wp-content\/uploads\/2025\/12\/multipantalla1.jpg 662w, https:\/\/proelectrosonic.com\/wp-content\/uploads\/2025\/12\/multipantalla1-300x199.jpg 300w, https:\/\/proelectrosonic.com\/wp-content\/uploads\/2025\/12\/multipantalla1-600x399.jpg 600w, https:\/\/proelectrosonic.com\/wp-content\/uploads\/2025\/12\/multipantalla1-241x160.jpg 241w\" sizes=\"(max-width: 662px) 100vw, 662px\" \/><\/figure>\n<\/div>\n<\/div>\n\n\n\n<div class=\"wp-block-columns is-layout-flex wp-container-core-columns-is-layout-9d6595d7 wp-block-columns-is-layout-flex\">\n<div class=\"wp-block-column is-layout-flow wp-block-column-is-layout-flow\"><div class=\"wp-block-image\">\n<figure class=\"aligncenter size-full\"><img decoding=\"async\" width=\"626\" height=\"469\" src=\"https:\/\/proelectrosonic.com\/wp-content\/uploads\/2025\/12\/multipantalla2.jpg\" alt=\"\" class=\"wp-image-391\" srcset=\"https:\/\/proelectrosonic.com\/wp-content\/uploads\/2025\/12\/multipantalla2.jpg 626w, https:\/\/proelectrosonic.com\/wp-content\/uploads\/2025\/12\/multipantalla2-300x225.jpg 300w, https:\/\/proelectrosonic.com\/wp-content\/uploads\/2025\/12\/multipantalla2-600x450.jpg 600w, https:\/\/proelectrosonic.com\/wp-content\/uploads\/2025\/12\/multipantalla2-214x160.jpg 214w\" sizes=\"(max-width: 626px) 100vw, 626px\" \/><\/figure><\/div>\n\n<div class=\"wp-block-image\">\n<figure class=\"aligncenter size-full\"><img decoding=\"async\" width=\"472\" height=\"354\" src=\"https:\/\/proelectrosonic.com\/wp-content\/uploads\/2025\/12\/multipantalla5.jpg\" alt=\"\" class=\"wp-image-392\" srcset=\"https:\/\/proelectrosonic.com\/wp-content\/uploads\/2025\/12\/multipantalla5.jpg 472w, https:\/\/proelectrosonic.com\/wp-content\/uploads\/2025\/12\/multipantalla5-300x225.jpg 300w, https:\/\/proelectrosonic.com\/wp-content\/uploads\/2025\/12\/multipantalla5-213x160.jpg 213w\" sizes=\"(max-width: 472px) 100vw, 472px\" \/><\/figure><\/div><\/div>\n\n\n\n<div class=\"wp-block-column is-layout-flow wp-block-column-is-layout-flow\"><div class=\"wp-block-image wp-duotone-unset-1\">\n<figure class=\"aligncenter size-full\"><img loading=\"lazy\" decoding=\"async\" width=\"508\" height=\"338\" src=\"https:\/\/proelectrosonic.com\/wp-content\/uploads\/2025\/12\/multipantalla3.jpg\" alt=\"\" class=\"wp-image-393\" srcset=\"https:\/\/proelectrosonic.com\/wp-content\/uploads\/2025\/12\/multipantalla3.jpg 508w, https:\/\/proelectrosonic.com\/wp-content\/uploads\/2025\/12\/multipantalla3-300x200.jpg 300w, https:\/\/proelectrosonic.com\/wp-content\/uploads\/2025\/12\/multipantalla3-240x160.jpg 240w\" sizes=\"(max-width: 508px) 100vw, 508px\" \/><\/figure><\/div>\n\n<div class=\"wp-block-image\">\n<figure class=\"aligncenter size-full\"><img loading=\"lazy\" decoding=\"async\" width=\"245\" height=\"277\" src=\"https:\/\/proelectrosonic.com\/wp-content\/uploads\/2025\/12\/multipantalla6.png\" alt=\"\" class=\"wp-image-394\" srcset=\"https:\/\/proelectrosonic.com\/wp-content\/uploads\/2025\/12\/multipantalla6.png 245w, https:\/\/proelectrosonic.com\/wp-content\/uploads\/2025\/12\/multipantalla6-142x160.png 142w\" sizes=\"(max-width: 245px) 100vw, 245px\" \/><\/figure><\/div><\/div>\n\n\n\n<div class=\"wp-block-column is-layout-flow wp-block-column-is-layout-flow\"><div class=\"wp-block-image\">\n<figure class=\"aligncenter size-full\"><img loading=\"lazy\" decoding=\"async\" width=\"299\" height=\"449\" src=\"https:\/\/proelectrosonic.com\/wp-content\/uploads\/2025\/12\/multipantalla4.jpg\" alt=\"\" class=\"wp-image-395\" srcset=\"https:\/\/proelectrosonic.com\/wp-content\/uploads\/2025\/12\/multipantalla4.jpg 299w, https:\/\/proelectrosonic.com\/wp-content\/uploads\/2025\/12\/multipantalla4-200x300.jpg 200w, https:\/\/proelectrosonic.com\/wp-content\/uploads\/2025\/12\/multipantalla4-107x160.jpg 107w\" sizes=\"(max-width: 299px) 100vw, 299px\" \/><\/figure><\/div><\/div>\n<\/div>\n","protected":false},"excerpt":{"rendered":"<p>Multipantallas\u00a0y Digital Signage Marketing Din\u00e1mico y Digital Signage son unas de las \u00e1reas en las que estamos invirtiendo m\u00e1s esfuerzo, Electrosonic cuenta con un parque importante de pantallas TFT profesionales de alto brillo que permite realizar diferentes formaciones seg\u00fan el proyecto creativo y de comunicaci\u00f3n.<\/p>\n","protected":false},"author":1,"featured_media":0,"parent":0,"menu_order":0,"comment_status":"closed","ping_status":"closed","template":"","meta":{"_eb_attr":"","footnotes":""},"class_list":["post-99","page","type-page","status-publish","hentry"],"yoast_head":"<!-- This site is optimized with the Yoast SEO plugin v26.4 - https:\/\/yoast.com\/wordpress\/plugins\/seo\/ -->\n<title>Multipantallas\u00a0y Digital Signage - Proelectrosonic<\/title>\n<meta name=\"robots\" content=\"index, follow, max-snippet:-1, max-image-preview:large, max-video-preview:-1\" \/>\n<link rel=\"canonical\" href=\"https:\/\/proelectrosonic.com\/index.php\/multipantallas-y-digital-signage\/\" \/>\n<meta property=\"og:locale\" content=\"es_ES\" \/>\n<meta property=\"og:type\" content=\"article\" \/>\n<meta property=\"og:title\" content=\"Multipantallas\u00a0y Digital Signage - Proelectrosonic\" \/>\n<meta property=\"og:description\" content=\"Multipantallas\u00a0y Digital Signage Marketing Din\u00e1mico y Digital Signage son unas de las \u00e1reas en las que estamos invirtiendo m\u00e1s esfuerzo, Electrosonic cuenta con un parque importante de pantallas TFT profesionales de alto brillo que permite realizar diferentes formaciones seg\u00fan el proyecto creativo y de comunicaci\u00f3n.\" \/>\n<meta property=\"og:url\" content=\"https:\/\/proelectrosonic.com\/index.php\/multipantallas-y-digital-signage\/\" \/>\n<meta property=\"og:site_name\" content=\"Proelectrosonic\" \/>\n<meta property=\"article:modified_time\" content=\"2025-12-01T20:10:37+00:00\" \/>\n<meta property=\"og:image\" content=\"https:\/\/proelectrosonic.com\/wp-content\/uploads\/2025\/12\/multipantalla1.jpg\" \/>\n\t<meta property=\"og:image:width\" content=\"662\" \/>\n\t<meta property=\"og:image:height\" content=\"440\" \/>\n\t<meta property=\"og:image:type\" content=\"image\/jpeg\" \/>\n<meta name=\"twitter:card\" content=\"summary_large_image\" \/>\n<meta name=\"twitter:label1\" content=\"Tiempo de lectura\" \/>\n\t<meta name=\"twitter:data1\" content=\"2 minutos\" \/>\n<script type=\"application\/ld+json\" class=\"yoast-schema-graph\">{\"@context\":\"https:\/\/schema.org\",\"@graph\":[{\"@type\":\"WebPage\",\"@id\":\"https:\/\/proelectrosonic.com\/index.php\/multipantallas-y-digital-signage\/\",\"url\":\"https:\/\/proelectrosonic.com\/index.php\/multipantallas-y-digital-signage\/\",\"name\":\"Multipantallas\u00a0y Digital Signage - Proelectrosonic\",\"isPartOf\":{\"@id\":\"https:\/\/proelectrosonic.com\/#website\"},\"primaryImageOfPage\":{\"@id\":\"https:\/\/proelectrosonic.com\/index.php\/multipantallas-y-digital-signage\/#primaryimage\"},\"image\":{\"@id\":\"https:\/\/proelectrosonic.com\/index.php\/multipantallas-y-digital-signage\/#primaryimage\"},\"thumbnailUrl\":\"https:\/\/proelectrosonic.com\/wp-content\/uploads\/2025\/12\/multipantalla1.jpg\",\"datePublished\":\"2025-11-30T17:40:31+00:00\",\"dateModified\":\"2025-12-01T20:10:37+00:00\",\"breadcrumb\":{\"@id\":\"https:\/\/proelectrosonic.com\/index.php\/multipantallas-y-digital-signage\/#breadcrumb\"},\"inLanguage\":\"es\",\"potentialAction\":[{\"@type\":\"ReadAction\",\"target\":[\"https:\/\/proelectrosonic.com\/index.php\/multipantallas-y-digital-signage\/\"]}]},{\"@type\":\"ImageObject\",\"inLanguage\":\"es\",\"@id\":\"https:\/\/proelectrosonic.com\/index.php\/multipantallas-y-digital-signage\/#primaryimage\",\"url\":\"https:\/\/proelectrosonic.com\/wp-content\/uploads\/2025\/12\/multipantalla1.jpg\",\"contentUrl\":\"https:\/\/proelectrosonic.com\/wp-content\/uploads\/2025\/12\/multipantalla1.jpg\",\"width\":662,\"height\":440},{\"@type\":\"BreadcrumbList\",\"@id\":\"https:\/\/proelectrosonic.com\/index.php\/multipantallas-y-digital-signage\/#breadcrumb\",\"itemListElement\":[{\"@type\":\"ListItem\",\"position\":1,\"name\":\"Portada\",\"item\":\"https:\/\/proelectrosonic.com\/\"},{\"@type\":\"ListItem\",\"position\":2,\"name\":\"Multipantallas\u00a0y Digital Signage\"}]},{\"@type\":\"WebSite\",\"@id\":\"https:\/\/proelectrosonic.com\/#website\",\"url\":\"https:\/\/proelectrosonic.com\/\",\"name\":\"Proelectrosonic\",\"description\":\"\",\"publisher\":{\"@id\":\"https:\/\/proelectrosonic.com\/#organization\"},\"potentialAction\":[{\"@type\":\"SearchAction\",\"target\":{\"@type\":\"EntryPoint\",\"urlTemplate\":\"https:\/\/proelectrosonic.com\/?s={search_term_string}\"},\"query-input\":{\"@type\":\"PropertyValueSpecification\",\"valueRequired\":true,\"valueName\":\"search_term_string\"}}],\"inLanguage\":\"es\"},{\"@type\":\"Organization\",\"@id\":\"https:\/\/proelectrosonic.com\/#organization\",\"name\":\"Proelectrosonic\",\"url\":\"https:\/\/proelectrosonic.com\/\",\"logo\":{\"@type\":\"ImageObject\",\"inLanguage\":\"es\",\"@id\":\"https:\/\/proelectrosonic.com\/#\/schema\/logo\/image\/\",\"url\":\"https:\/\/proelectrosonic.com\/wp-content\/uploads\/2025\/11\/cropped-logo.jpg\",\"contentUrl\":\"https:\/\/proelectrosonic.com\/wp-content\/uploads\/2025\/11\/cropped-logo.jpg\",\"width\":364,\"height\":35,\"caption\":\"Proelectrosonic\"},\"image\":{\"@id\":\"https:\/\/proelectrosonic.com\/#\/schema\/logo\/image\/\"}}]}<\/script>\n<!-- \/ Yoast SEO plugin. -->","yoast_head_json":{"title":"Multipantallas\u00a0y Digital Signage - Proelectrosonic","robots":{"index":"index","follow":"follow","max-snippet":"max-snippet:-1","max-image-preview":"max-image-preview:large","max-video-preview":"max-video-preview:-1"},"canonical":"https:\/\/proelectrosonic.com\/index.php\/multipantallas-y-digital-signage\/","og_locale":"es_ES","og_type":"article","og_title":"Multipantallas\u00a0y Digital Signage - Proelectrosonic","og_description":"Multipantallas\u00a0y Digital Signage Marketing Din\u00e1mico y Digital Signage son unas de las \u00e1reas en las que estamos invirtiendo m\u00e1s esfuerzo, Electrosonic cuenta con un parque importante de pantallas TFT profesionales de alto brillo que permite realizar diferentes formaciones seg\u00fan el proyecto creativo y de comunicaci\u00f3n.","og_url":"https:\/\/proelectrosonic.com\/index.php\/multipantallas-y-digital-signage\/","og_site_name":"Proelectrosonic","article_modified_time":"2025-12-01T20:10:37+00:00","og_image":[{"width":662,"height":440,"url":"https:\/\/proelectrosonic.com\/wp-content\/uploads\/2025\/12\/multipantalla1.jpg","type":"image\/jpeg"}],"twitter_card":"summary_large_image","twitter_misc":{"Tiempo de lectura":"2 minutos"},"schema":{"@context":"https:\/\/schema.org","@graph":[{"@type":"WebPage","@id":"https:\/\/proelectrosonic.com\/index.php\/multipantallas-y-digital-signage\/","url":"https:\/\/proelectrosonic.com\/index.php\/multipantallas-y-digital-signage\/","name":"Multipantallas\u00a0y Digital Signage - Proelectrosonic","isPartOf":{"@id":"https:\/\/proelectrosonic.com\/#website"},"primaryImageOfPage":{"@id":"https:\/\/proelectrosonic.com\/index.php\/multipantallas-y-digital-signage\/#primaryimage"},"image":{"@id":"https:\/\/proelectrosonic.com\/index.php\/multipantallas-y-digital-signage\/#primaryimage"},"thumbnailUrl":"https:\/\/proelectrosonic.com\/wp-content\/uploads\/2025\/12\/multipantalla1.jpg","datePublished":"2025-11-30T17:40:31+00:00","dateModified":"2025-12-01T20:10:37+00:00","breadcrumb":{"@id":"https:\/\/proelectrosonic.com\/index.php\/multipantallas-y-digital-signage\/#breadcrumb"},"inLanguage":"es","potentialAction":[{"@type":"ReadAction","target":["https:\/\/proelectrosonic.com\/index.php\/multipantallas-y-digital-signage\/"]}]},{"@type":"ImageObject","inLanguage":"es","@id":"https:\/\/proelectrosonic.com\/index.php\/multipantallas-y-digital-signage\/#primaryimage","url":"https:\/\/proelectrosonic.com\/wp-content\/uploads\/2025\/12\/multipantalla1.jpg","contentUrl":"https:\/\/proelectrosonic.com\/wp-content\/uploads\/2025\/12\/multipantalla1.jpg","width":662,"height":440},{"@type":"BreadcrumbList","@id":"https:\/\/proelectrosonic.com\/index.php\/multipantallas-y-digital-signage\/#breadcrumb","itemListElement":[{"@type":"ListItem","position":1,"name":"Portada","item":"https:\/\/proelectrosonic.com\/"},{"@type":"ListItem","position":2,"name":"Multipantallas\u00a0y Digital Signage"}]},{"@type":"WebSite","@id":"https:\/\/proelectrosonic.com\/#website","url":"https:\/\/proelectrosonic.com\/","name":"Proelectrosonic","description":"","publisher":{"@id":"https:\/\/proelectrosonic.com\/#organization"},"potentialAction":[{"@type":"SearchAction","target":{"@type":"EntryPoint","urlTemplate":"https:\/\/proelectrosonic.com\/?s={search_term_string}"},"query-input":{"@type":"PropertyValueSpecification","valueRequired":true,"valueName":"search_term_string"}}],"inLanguage":"es"},{"@type":"Organization","@id":"https:\/\/proelectrosonic.com\/#organization","name":"Proelectrosonic","url":"https:\/\/proelectrosonic.com\/","logo":{"@type":"ImageObject","inLanguage":"es","@id":"https:\/\/proelectrosonic.com\/#\/schema\/logo\/image\/","url":"https:\/\/proelectrosonic.com\/wp-content\/uploads\/2025\/11\/cropped-logo.jpg","contentUrl":"https:\/\/proelectrosonic.com\/wp-content\/uploads\/2025\/11\/cropped-logo.jpg","width":364,"height":35,"caption":"Proelectrosonic"},"image":{"@id":"https:\/\/proelectrosonic.com\/#\/schema\/logo\/image\/"}}]}},"_links":{"self":[{"href":"https:\/\/proelectrosonic.com\/index.php\/wp-json\/wp\/v2\/pages\/99","targetHints":{"allow":["GET"]}}],"collection":[{"href":"https:\/\/proelectrosonic.com\/index.php\/wp-json\/wp\/v2\/pages"}],"about":[{"href":"https:\/\/proelectrosonic.com\/index.php\/wp-json\/wp\/v2\/types\/page"}],"author":[{"embeddable":true,"href":"https:\/\/proelectrosonic.com\/index.php\/wp-json\/wp\/v2\/users\/1"}],"replies":[{"embeddable":true,"href":"https:\/\/proelectrosonic.com\/index.php\/wp-json\/wp\/v2\/comments?post=99"}],"version-history":[{"count":5,"href":"https:\/\/proelectrosonic.com\/index.php\/wp-json\/wp\/v2\/pages\/99\/revisions"}],"predecessor-version":[{"id":398,"href":"https:\/\/proelectrosonic.com\/index.php\/wp-json\/wp\/v2\/pages\/99\/revisions\/398"}],"wp:attachment":[{"href":"https:\/\/proelectrosonic.com\/index.php\/wp-json\/wp\/v2\/media?parent=99"}],"curies":[{"name":"wp","href":"https:\/\/api.w.org\/{rel}","templated":true}]}}